99 - i. What is the remainder when z is divided by a?
10
Suppose -124*m - 35 = -129*m. Calculate the remainder when 125 is divided by m.
6
Let i(n) = 4*n + 13 - 7*n + 0*n + 2*n. Calculate the remainder when i(-18) is divided by 7.
3
Suppose -30 = -2*v - 0*v. Let a(h) = 47*h + 27. Calculate the remainder when a(1) is divided by v.
14
Let g(l) = -l**3 + l**2 + 3*l - 2. Let z be g(2). Let y(o) = -o**2 - 43 - 45 - 2*o**3 + o**3 + 96. Calculate the remainder when 14 is divided by y(z).
6
Let m = 296 + -285. What is the remainder when 120 is divided by m?
10
Let n(d) = d**3 - 5*d**2 - d + 6. Suppose -16 = -0*z - 4*z. What is the remainder when n(6) is divided by 0 + z/(-12) + (-120)/(-9)?
10
Let x = -81 + 140. Suppose 0 = -3*g - 2*u + 6*u + x, g = u + 19. Calculate the remainder when 50 is divided by g.
16
Suppose -2*k + 22 = 4*i, 5*i = 2*k - 7*k + 35. Calculate the remainder when 5 is divided by i.
1
Let u(r) = -r**3 + 9*r**2 + 3*r - 11. Let f be ((-18)/(-5))/(5*6/75). Calculate the remainder when 111 is divided by u(f).
15
What is the remainder when 634 is divided by 7*2/28*184?
82
Let r(f) = -f**2 - f + 30. Suppose -11*d + 191 = -139. Calculate the remainder when r(0) is divided by (32/3)/(20/d).
14
Calculate the remainder when 3 - -101*(-9 + 10) is divided by 94.
10
Suppose 0 = 4*g + x - 1189, 4*g - 7*g + 895 = 4*x. What is the remainder when g is divided by 13?
11
Suppose -24 - 42 = -2*k. Suppose -5*a = -0*a + 55. Let i(j) = j**2 + 9*j - 5. Calculate the remainder when k is divided by i(a).
16
Let j be -3 - (-5 - (0 - 1)). Calculate the remainder when 27 is divided by (-4)/j*(-14)/4.
13
Let v be -2*(1 + 11/(-2)). Calculate the remainder when 50 is divided by 310/18 + (-2)/v.
16
Let x = 285 - 274. Calculate the remainder when 131 is divided by x.
10
Let n = -1186 + 1195. Suppose 4*m - 2 = 10, 3*y - 3*m - 93 = 0. Calculate the remainder when y is divided by n.
7
Suppose 0 = 2*m - 4*m - 5*c + 2, -5*m + 63 = -2*c. Let b = 127 - 84. Calculate the remainder when b is divided by m.
10
Let a(o) = o**3 - 9*o**2 + 16*o - 10. Let c be a(8). Suppose c*u - 59*u = -75. What is the remainder when 33 is divided by u?
3
Let t(q) = 30*q - 3. Let a be t(1). Suppose -3*w = r + 2 - 11, -a = -5*r + 3*w. What is the remainder when 16 is divided by r?
4
Let u = 567 + 206. What is the remainder when u is divided by 6?
5
Suppose 4*v + 10 = 46. Suppose -298*r - 24 = -300*r. Calculate the remainder when r is divided by v.
3
Suppose -83 - 27 = -2*u. Suppose 2*b - 3 = u. Suppose -o = -4*o + 339. Calculate the remainder when o is divided by b.
26
Let p(g) = -g**3 + 33*g**2 + 93*g - 39. Calculate the remainder when p(35) is divided by 59.
58
Suppose 0 = 3*k - 25 + 7. Suppose 0 = -n + 8 + k. What is the remainder when 25 is divided by n*1 + 0/6?
11
Let u(q) = -q**3 + 30*q**2 - 2*q + 70. Calculate the remainder when u(30) is divided by 3.
1
Let x(i) = 5 - 2 + i + 0*i. Suppose f + 0*f = 49. What is the remainder when f is divided by x(10)?
10
Suppose 0 = r - 2*f - 1253, 11*r - 10*r - 1238 = -3*f. Calculate the remainder when r is divided by 78.
77
Let d(o) = o + 4. Let w be d(-3). Suppose 0 = 3*u - 6. What is the remainder when (-9)/(u/(-3 + w)) is divided by 5?
4
Let u(i) = -i**2 + 10*i - 5. Let w = 8 + 1. Let y be u(w). Calculate the remainder when 39 is divided by 4*y + (-18)/9.
11
Let w be 0 + -4 + (1 - -13). Let k be (-26)/w - 10/25. Let x(f) = -f**3 + 4*f**2 + 3*f. What is the remainder when x(k) is divided by 11?
10
Let a(v) = -v**3 - 8*v**2 + 5*v - 14. Let d be 9/(-2)*(-4 - -6). What is the remainder when 196 is divided by a(d)?
20
Suppose 54*q + 230 = 64*q. What is the remainder when q is divided by 9?
5
Let a(s) = 4*s**2 - 3*s - 3. Let l be a(-1). Suppose -l*v = 5*o - 75, -v = -4*o + 2 - 5. What is the remainder when 59 is divided by v?
14
Let x = -35 + 33. Calculate the remainder when (-860)/(-4) + -2 + (-1 - x) is divided by 36.
34
Let b(n) = 2*n**2 + 7*n - 6. Let z be b(-4). Let s(x) = -30*x - 7. What is the remainder when s(z) is divided by 19?
15
Let f(j) = -j**2 + 10*j - 12. What is the remainder when 403 is divided by f(7)?
7
Let k = -16 - -66. Calculate the remainder when 93 is divided by k.
43
Let c = 6 + 9. What is the remainder when 13 is divided by (8/12)/2*c?
3
Suppose z - 2*q = -q + 15, -z - 1 = 3*q. Suppose -3 = 2*m - z. Suppose 0 = -3*c + 24 - 6. Calculate the remainder when c is divided by m.
2
Suppose 0*q - 3*q + 49 = 2*d, 3*q = d + 43. Calculate the remainder when 119 is divided by q.
14
Suppose -18 = 2*u - 5*b, -u + b + 13 = 4*b. Suppose -5*l = -20, 3*g + 2*g + l = 219. Calculate the remainder when g is divided by (u - (-52)/(-8))*-2.
10
Let l = 125 - 330. Let t be (-4)/26 - l/65. Suppose 0 = -d - 2*d - 4*i + 102, t*d + i = 102. Calculate the remainder when d is divided by 12.
10
Suppose 144 = 4*p - p + 3*v, -2*p = -2*v - 92. Let r(c) = -c**2 + 2*c + 12. What is the remainder when p is divided by r(0)?
11
Let g = -109 + 64. Let f = -38 - g. What is the remainder when (-2)/(-6)*f*30 is divided by 24?
22
Let n = -405 - -427. Calculate the remainder when 77 is divided by n.
11
Suppose 2*w - 2 + 0 = 0, -2*n + 53 = 5*w. What is the remainder when 115 is divided by n?
19
Let y = -1 - -7. Let v(s) = s**2 - 4*s - 10. Let w be v(7). Suppose a - w + 1 = -5*g, -5*a + 79 = -4*g. What is the remainder when a is divided by y?
3
Suppose 0 = 3*o + 9, -2*w + 3*o - 20 = 3. Let s = w - -66. Calculate the remainder when s is divided by 26.
24
Calculate the remainder when (-83)/(-415) - (-5474)/5 is divided by 20.
15
Suppose -4*z = -5*z + 3*x - 14, -4*z = -5*x + 42. What is the remainder when 20/z*3*52/(-5) is divided by 20?
18
Suppose 4 = d + 3*d + 4*o, o = 4*d - 4. Let h(i) = 4*i**3 - i + 1. Let s be h(d). Suppose 0 = s*k - 55 + 7. What is the remainder when k is divided by 5?
2
Suppose -4*s + 1627 = 1511. Calculate the remainder when 74 is divided by s.
16
Let a(p) = -p**2 - 8*p - 2. Suppose 0 = w + 4*u, 2*w - 2*u - u = 0. Suppose w = -6*f + 88 + 62. Calculate the remainder when f is divided by a(-4).
11
Let o(t) = 4*t**3 - 3*t + 5. What is the remainder when 84 is divided by o(2)?
22
Let z(h) = -6*h - 79. Suppose 7*j - 2*j - 805 = 0. What is the remainder when j is divided by z(-20)?
38
Let t = -43 - -54. Suppose 10*v = t*v - 2. Calculate the remainder when v is divided by 2.
0
Let d = 24 + -11. Let q be (-4)/12 + (-76)/(-12). Let f(x) = 2*x**2 - 4*x - 11. What is the remainder when f(q) is divided by d?
11
Suppose 0 = -5*o - 1 + 11. Let t = 34 + -32. What is the remainder when t is divided by o?
0
Let u = -3142 - -4824. Calculate the remainder when u is divided by 51.
50
Let r(k) = 15*k + 16. Let t(o) = 7*o + 8. Let d(l) = -6*r(l) + 13*t(l). Let z be d(0). Let n = 18 - z. Calculate the remainder when n is divided by 3.
1
Suppose 3*d - 5*d - 4*a + 20 = 0, 6 = d + a. Let v = d + 0. Suppose f = -v + 15. Calculate the remainder when f is divided by 7.
6
Let s = 222 - 147. Suppose -5*h = 5*q - s, 0*h + h = -5*q + 19. Calculate the remainder when h is divided by 8.
6
What is the remainder when 167 is divided by 8 - (4 - 7) - 4?
6
Suppose -u - 6*a + 4*a = -138, -410 = -3*u - 4*a. Calculate the remainder when u is divided by 13.
4
Suppose 5*j - 56 = -3*o, -4*j + 19 + 17 = -2*o. Suppose s = 4*s - 45. Calculate the remainder when ((-12)/j)/(-1)*35 is divided by s.
12
Suppose -2*s + 2 = 0, p - 10 - 52 = 2*s. What is the remainder when p is divided by 18?
10
Let b(d) = -4*d + 106. Calculate the remainder when 14 is divided by b(26).
0
Let n = -24 + 45. Let y be ((-18)/n)/(4/84). Calculate the remainder when 43 is divided by (y - (-9)/3)*-1.
13
Let s(k) = -92*k + 2. What is the remainder when s(-9) is divided by 16?
14
Let t = -81 - -85. Suppose p - 60 = -p. Suppose -z = -2*u + 34, 2*u - p = -t*z + 3*z. Calculate the remainder when u is divided by 9.
7
Let h(u) = -3*u + 66. Calculate the remainder when 34 is divided by h(19).
7
Let g = -35 - -56. Suppose 0 = 4*j - z - g, 5*j - 9 = -z + 15. Suppose j*v = 21 + 19. Calculate the remainder when 15 is divided by v.
7
Suppose 2*m = -12 + 42. Suppose 220 = 5*x + 5*o, x + 2*x = 2*o + 112. Suppose -11*f = -6*f - x. Calculate the remainder when m is divided by f.
7
Suppose 0 = -3*r + 63 + 108. Let m = 87 - r. Let x(i) = 3*i**2 - 70*